*3/3 + 17*z**2/2 + 3*z. Is k(j) prime?
False
Suppose c - 306873 = -4*z, 230162 = 2*z - 3*c + 76743. Is z a composite number?
False
Suppose 4*b - 411009 = 5*i, -4*b + 6*b - 205506 = 4*i. Is b composite?
True
Let o(j) = 175*j**3 - 6*j**2 + 47*j - 365. Is o(8) a composite number?
False
Let f(s) = -187*s. Let y(c) = -c**2 + 5*c - 3. Let g be y(3). Suppose -g*o + 2 = -5*o. Is f(o) prime?
False
Suppose 4*u + 3*x + 7450 = 0, -2*u + 788 - 4506 = -2*x. Let f = u + 17822. Is f composite?
True
Let y be ((-57)/(-24)*-38)/(5/20). Let w be y/133 + 4/(-14). Let p(c) = -250*c - 7. Is p(w) composite?
False
Suppose -4*k = 2*x - 588890, -4*x + k = -1609619 + 431839. Is x prime?
False
Suppose 12 = -4*p, 5*t + 0*p = 4*p + 32. Suppose 12*w = 10*w + 5*f + 746, -5*f = t*w - 1492. Is w a prime number?
True
Suppose 3*h = 6*h - 12. Is (14/h - 1)*(-23966)/(-115) composite?
False
Let j be (-5 + 3)/(1/477). Let l = j - -2071. Is l a prime number?
True
Let p(x) = 35*x**3 - 48*x**2 - 26*x - 34. Is p(15) composite?
True
Suppose 3*a + 3 = 0, 0 = 5*z - 3*z + 4*a + 8. Is z/(-4)*-9865*(-2)/5 prime?
True
Let c = 268 + -265. Suppose c = -x, -11*x = 4*o - 6*x - 15733. Is o prime?
False
Suppose 31808 = 63*o - 710143. Is o a composite number?
False
Suppose -40*d = -48*d + 3864. Suppose -u + 2*x = -d, 730 + 240 = 2*u - 2*x. Is u a composite number?
False
Let g be (-40)/(-2)*(6 + -4) - 1. Suppose 5*t = 4*s - 736, t - 184 = -s + 4*t. Suppose n + g = s. Is n composite?
True
Let u = -1512 + -527. Let q = u - -3400. Is q a composite number?
False
Suppose -51*p + 20*p = 209*p - 38807520. Is p a prime number?
False
Suppose -1211218 = -4*c - 2*q, 0 = 3*c - 4*q + 511273 - 1419670. Is c composite?
True
Suppose 3*h + 670206 = 12*i, i - 7*h + 6*h - 55849 = 0. Is i a prime number?
False
Suppose 0 = -4*z - 5*u + 430, -2*z + u + 208 = -0*u. Suppose -3*b - 742 = -2*k, 31*k - b = 30*k + 374. Suppose -z = -r + k. Is r a prime number?
False
Let j(a) = a**3 + 6*a**2 + 7*a + 21. Let l be j(-5). Let h(z) be the second derivative of 2*z**3 - 19*z**2 - 11*z + 3. Is h(l) composite?
True
Let n = -93 + 85. Is 9831 + 3/((-3)/n) composite?
False
Suppose 0 = -10*q - 5*j + 3037830, q - 5*j + 27665 = 331492. Is q prime?
False
Suppose 250*h + 257*h = 516*h - 1551861. Is h a composite number?
True
Let r = -35 - 9. Let d = r - -41. Is (-174)/d + (-1 - 2) a prime number?
False
Let u = 55 - 16. Suppose 8*n - 65 - u = 0. Is n a composite number?
False
Let x = 744 + 28. Suppose 0 = 2*m - m - x. Let g = m + 195. Is g composite?
False
Let i = 8048 - 5323. Suppose 22409 = 6*d - i. Is d prime?
False
Suppose w - 3*b + 93 = -2*b, 2*b = 4. Let r = 544 - w. Is r a prime number?
False
Suppose -15 = 2*t - 5*x, 3*x - 14 = -t + 6. Let f be -1 + 4 - t/(-35)*0. Let g(y) = 21*y + 22. Is g(f) composite?
True
Let z = 316 + 128. Let y(q) = -16*q - 1. Let a be y(7). Let s = z - a. Is s composite?
False
Let z(m) = 5*m**2 - 23*m - 15. Let b(i) = 5*i**2 - 21*i - 16. Let d(f) = 4*b(f) - 3*z(f). Is d(17) a prime number?
True
Let c be (-1354)/(-10) + 2*4/(-20). Suppose -2*o = 3*o - 5*u - c, o = 5*u + 15. Let q = 89 + o. Is q a prime number?
False
Let a(l) = 14147*l**2 + 60*l - 117. Is a(2) a composite number?
False
Let c(g) = g**3 - 2*g**2 + 5*g - 9. Let r be c(4). Let a = -40 + r. Suppose -a*z = -8*z + 805. Is z composite?
True
Suppose -3514262 - 4458719 = -56*f - 1905885. Is f a prime number?
False
Suppose -5*a + 11*a - 7243561 + 2480155 = 0. Is a a composite number?
False
Suppose 49 = -3*n + 55. Let q(x) = 2395*x + 44. Let t(i) = 599*i + 11. Let a(k) = -2*q(k) + 9*t(k). Is a(n) a composite number?
False
Let g(p) = -13*p**2 + 60 - p - 1581*p**3 - p - 59. Is g(-2) a composite number?
False
Let t be 0/(-2*(0 + -3 + 5)). Let b(d) = 3*d**2 + 5*d + 1115. Is b(t) a prime number?
False
Let x(i) = 2*i**3 - 92*i**2 + 37*i - 40. Is x(57) composite?
False
Let o be ((-2)/(-3)*-3)/(-2). Let d be 1*20/16*4*o. Suppose c = d*b - 34160, b + 2*c + 0*c - 6843 = 0. Is b a prime number?
True
Let y(u) = 150*u**3 - 32*u**2 - 4*u + 1. Is y(12) prime?
False
Let x = -27467 + 133860. Is x a composite number?
True
Let l = 22643 - 3922. Is l a prime number?
False
Let q = 2978 - 199. Is q composite?
True
Let v(y) = -14922*y - 551. Is v(-1) a prime number?
False
Suppose -33*o - o + 1235530 = 165788. Is o a composite number?
True
Let y = 17948 + -8140. Let k = y - 5306. Is k a prime number?
False
Suppose -2*w + 3*r = -1060, 162*w - 160*w + 5*r - 1012 = 0. Is w a prime number?
True
Let d(n) = -n**3 - 15*n**2 + 9*n - 3. Let b = 9 + -5. Suppose 5*v + 4*c + 80 = 0, -3*c + 6*c - 64 = b*v. Is d(v) composite?
False
Suppose -b + 434 = -2*r, 2*b + r - 1727 = -2*b. Suppose 0 = -2*t - 6, 707 = m + t - 1289. Let y = m - b. Is y a prime number?
True
Suppose -4*d - 50 = -5*b, d - 6*d = -2*b + 3. Let f(m) = 2365*m - 73. Is f(b) prime?
True
Suppose -64*w - 3308721 = -98112497. Is w a prime number?
True
Suppose -9410 = 4*l - l - 4*t, 0 = -3*t - 12. Let x = l - -6023. Is x a prime number?
False
Let u(r) be the first derivative of 5*r**2/2 + 50*r - 28. Let k be u(-11). Let s(z) = 38*z**2 + 8*z + 9. Is s(k) prime?
True
Let i(s) = 8*s**3 - 2*s**2 + 1. Let d be i(1). Suppose -d*g + 22168 = -3*g + 4*w, -22203 = -4*g + 3*w. Suppose 14*a + 1501 = g. Is a a prime number?
False
Suppose -6*w + 46 = 4. Suppose 3*y - w = -7. Suppose 4*o - 156 = -2*a + 274, y = a - 2*o - 207. Is a composite?
False
Let p = 823 + -821. Suppose -4*o + 32848 = 4*t, -p*t + 47*o + 16415 = 46*o. Is t a prime number?
True
Suppose 472*u - 491*u + 5004049 = 0. Is u prime?
False
Let g = 12614 - 6145. Is g a prime number?
True
Suppose -2*i + 4*i - 4*d = -28, 0 = -4*d + 12. Is ((-1773360)/i)/9 + (2 - 1) composite?
False
Suppose 72363 = -4*l + 3*n, -4*l + 2*l - 36183 = -n. Let f = l + 26836. Is f a composite number?
True
Suppose 3*q - 48 = 5*q - 4*i, 3*q = -3*i - 90. Let y = q - -37. Suppose 4*x = 3*x + y. Is x prime?
False
Suppose -5*h - 101853 = -g, 2*g - 32*h = -33*h + 203662. Is g a composite number?
False
Suppose 3*m = -130*c + 127*c + 137832, 5*c - 229713 = 2*m. Is c a prime number?
True
Suppose 0 = 4*z + 20, -4*p + 0*z - 5*z = -175. Let l = p - 44. Is (-1)/(-3)*(-2437)/(-2)*l a prime number?
True
Suppose -87*v + 514636 + 625152 = -314417. Is v a prime number?
False
Suppose -124*x = -115*x - 410985. Suppose x = -20*c + 25*c. Is c a prime number?
True
Suppose 76*y = 7196757 + 108666079. Is y a prime number?
False
Suppose -4*k + 77382 = 2*r, -291*r + 290*r + 38696 = -3*k. Is r composite?
False
Let v(j) = -76*j + 244. Let u be v(-14). Let c be 8493/7 - (-4)/(-14). Let x = c + u. Is x a prime number?
True
Suppose p - 850 = 4*w - 82, -5*p - 4*w = -3720. Suppose 4*a - p = 1944. Is a composite?
False
Suppose 0 = 2*n + 8. Let w(r) = -40*r**2 - 11 - 7*r**3 + 43*r**2 - 4. Is w(n) prime?
False
Let z(d) = 5*d**3 - 4*d**2 + 12*d + 3. Let t be z(5). Let l = t + 318. Suppose 0 = 5*x - l - 529. Is x prime?
False
Let a(n) = -5*n**2 - 9*n + 1. Let h be a(-1). Is (((-120968)/6)/4)/(h/(-15)) a composite number?
False
Suppose 0 = 5*r - 6*r - 3*y - 9, -5 = r + y. Is (2/((-24)/42))/(r/31854) a composite number?
True
Suppose -27*c = -29*c - 20. Is 52/(-130) - 25334/c a prime number?
False
Let a(o) = 291*o**3 + 2*o**2 - 9*o + 15. Let h be (6/(-33))/(14/(-154)). Is a(h) composite?
False
Let k be 30/(-40)*8/2*-1. Suppose 3*d + 5*w - 2*w = 378, 5*w = k*d - 386. Is d a prime number?
True
Suppose 185*t + 4*v + 232742 = 187*t, -5*t + 3*v = -581855. Is t a composite number?
False
Let w(v) = -v - 11. Suppose 8*u + 54 + 26 = 0. Let i be w(u). Is 1298/5 + i + 2/5 composite?
True
Let j(t) = 597*t**2 - 53*t + 1959. Is j(47) a composite number?
False
Suppose -27*d = -129 + 48. Is -8 + d - (3/1 - 5173) a composite number?
True
Let w = -473330 + 692763. Is w prime?
True
Suppose 3*i + 7*q - 6*q = 12, 2*i - 8 = -4*q. Is 1528/i*(172 - -1) - 1 a prime number?
False
Suppose -4*h = -4*k + 408245 + 249011, -4*k + h = -657265. Is k prime?
False
Suppose 0 = -2*x - 5*p + 218689, 4*x = -4*p + 404629 + 32779. Is x prime?
True
Let x(p) = p**3 - p**2 + 3365. Let z = -177 + 177. Is x(z) a composite number?
True
Suppose 61*g = 51*g - 10. Let n(m) = -6375*m + 4. Is n(g) composite?
False
Let z(r) = 911*r - 233. Let f be z(-13). Let u = 18429 + f. Is u prime?
True
Let o = -206 + 153. L